 25f2c - -35?
25f61
In base 10, what is 89368 - -92?
89460
In base 15, what is -3 + 1d3436?
1d3433
In base 11, what is 229a4199 + 5?
229a41a3
In base 13, what is 5c8b539 - -3?
5c8b53c
In base 2, what is 11100 - 10110110000000001?
-10110101111100101
In base 11, what is 2268964 + 0?
2268964
In base 2, what is -111110 - -1101001101110000011010?
1101001101101111011100
In base 8, what is -6045 - 232?
-6277
In base 2, what is -10000010110111001100101010 + -100?
-10000010110111001100101110
In base 8, what is 5055620 + -10?
5055610
In base 13, what is -3802 - -a5a0?
6a9b
In base 15, what is -a68c - b5?
-a752
In base 3, what is 20100111022200 - 21?
20100111022102
In base 7, what is -206 - -21123432?
21123223
In base 9, what is -36 - 2725175?
-2725222
In base 11, what is 5 + -a020a8?
-a020a3
In base 9, what is -2 - 455721170?
-455721172
In base 5, what is 21214002 + -3100?
21210402
In base 6, what is 4031504 + -20314?
4011150
In base 7, what is -302 - 152201?
-152503
In base 12, what is -103316 - -a76?
-102460
In base 2, what is 100010011100010110101 + -1?
100010011100010110100
In base 12, what is -8718 + -1675?
-a191
In base 5, what is -31222113313 + -10?
-31222113323
In base 9, what is -351525 - 5?
-351531
In base 6, what is 422 + -103033?
-102211
In base 15, what is 2 - -266b46?
266b48
In base 14, what is 2d3 + -3bc6?
-38d3
In base 16, what is b7 + 4e5574?
4e562b
In base 13, what is -3823a04 + 0?
-3823a04
In base 6, what is 233350 + 24215?
302005
In base 11, what is -3025 - -21887?
19862
In base 16, what is -6c + -7250f1?
-72515d
In base 16, what is -c6d - 1ca4?
-2911
In base 11, what is -371 - -33a68?
336a7
In base 8, what is -5 + 10661447?
10661442
In base 6, what is -1112300323 - -4?
-1112300315
In base 8, what is -110170 + 10733?
-77235
In base 12, what is 204 + 216a7?
218ab
In base 12, what is 1940 - -416?
2156
In base 3, what is 1101210 - 100200220102?
-100122111122
In base 3, what is -1121000211211221 - 12?
-1121000211212010
In base 10, what is 9 - -1271226?
1271235
In base 16, what is 120 - 334d44?
-334c24
In base 7, what is 52236 - -25260?
110526
In base 4, what is 1102001 + -13133312?
-12031311
In base 5, what is 2222 - -201022143?
201024420
In base 13, what is -12 - -1b486a?
1b4858
In base 6, what is -1023 + 431225?
430202
In base 5, what is -21 - -1331114202?
1331114131
In base 3, what is 1211210011012 + 1?
1211210011020
In base 15, what is 21a5ebc - -1?
21a5ebd
In base 11, what is -52a5062 + -a?
-52a5071
In base 10, what is 15 + -13371516?
-13371501
In base 9, what is -201250 + -5?
-201255
In base 6, what is 23011051455 + -4?
23011051451
In base 10, what is -4 + 19045181?
19045177
In base 3, what is 2221012220200001 - 12?
2221012220122212
In base 7, what is -55310 - -1520?
-53460
In base 14, what is 17 + 43bbd1?
43bc08
In base 7, what is -102254163 + -1?
-102254164
In base 12, what is -211775 - 2b?
-2117a4
In base 9, what is -47 - -541314?
541256
In base 2, what is 1110110111100 + -10100000111010?
-101001111110
In base 4, what is 230311332 - 3233?
230302033
In base 10, what is -287 + 230832?
230545
In base 12, what is -49937b + -7?
-499386
In base 12, what is 50a1034 + 3?
50a1037
In base 12, what is 26 + -3b69515?
-3b694ab
In base 12, what is 8 + -300823?
-300817
In base 2, what is -100100000000000 - 1101110000?
-100101101110000
In base 11, what is -5aa07a6 - 1?
-5aa07a7
In base 16, what is 4 + 228ec13?
228ec17
In base 6, what is 214031 + 32512?
250543
In base 10, what is -9731 + 3010?
-6721
In base 12, what is -81 - 102319?
-10239a
In base 13, what is 1 - -c3c5623?
c3c5624
In base 9, what is -3 - 10322078?
-10322082
In base 9, what is 4 - -4388523?
4388527
In base 16, what is -36538c + 2?
-36538a
In base 6, what is 151235 + 101030?
252305
In base 5, what is 12211200 - -324014?
13040214
In base 14, what is 2175 - -1516?
368b
In base 4, what is -100 + -23123311103?
-23123311203
In base 6, what is -14134 + 15015?
441
In base 6, what is 33002551333 + -3?
33002551330
In base 11, what is 390 + -24341?
-23a61
In base 6, what is -1 + -5222043435?
-5222043440
In base 8, what is -33752 + 304?
-33446
In base 2, what is -100000011101001100010110 - 1000?
-100000011101001100011110
In base 15, what is -9 - 63cc?
-63d6
In base 15, what is 7 + 30b8c7?
30b8ce
In base 3, what is -2221201201 - -10012002?
-2211112122
In base 10, what is 0 - -15240617?
15240617
In base 7, what is 4 - -1152263343?
1152263350
In base 10, what is 830672 + -76?
830596
In base 16, what is 48 - -147e31?
147e79
In base 4, what is 223203 + -10211200?
-3321331
In base 7, what is 3 + -132302213?
-132302210
In base 12, what is 5a4 + -66?
53a
In base 12, what is -b0 + 604?
514
In base 11, what is -5 - -33061031?
33061027
In base 9, what is -33 + -13155534?
-13155567
In base 12, what is -2906486 - 4?
-290648a
In base 10, what is -2 + -6307065?
-6307067
In base 3, what is -1201 + 11111220021112?
11111220012211
In base 8, what is -463 - 530621?
-531304
In base 10, what is 5921 - -1408?
7329
In base 12, what is -105 + -10295a?
-102a63
In base 9, what is 418528 + -18?
418510
In base 12, what is 55887 + -1022?
54865
In base 6, what is -5402 - -55210?
45404
In base 8, what is 7 + 13560420?
13560427
In base 11, what is 65 + -35a63?
-359a9
In base 12, what is -8607879 - -5?
-8607874
In base 15, what is 8a + -71c56?
-71bbb
In base 9, what is -102428 + -88?
-102527
In base 4, what is 1 - -31330220133?
31330220200
In base 6, what is -154024401 - -2?
-154024355
In base 10, what is -15760 + 920?
-14840
In base 12, what is 20 - 126b38?
-126b18
In base 9, what is 306 + 207772?
208178
In base 12, what is 3 + 1272b04?
1272b07
In base 12, what is -252 - 23aa94?
-23b126
In base 11, what is 63aa - -70a?
7009
In base 12, what is 1 + -2886b392?
-2886b391
In base 13, what is 41ab025 + -4?
41ab021
In base 15, what is -e - -1c67dd?
1c67ce
In base 3, what is -11221100021022102 + 0?
-11221100021022102
In base 5, what is -143002 - -2141104?
1443102
In base 10, what is -7 + 1514896?
1514889
In base 14, what is -26d7a089 - 5?
-26d7a090
In base 10, what is 137 - 325056?
-324919
In base 15, what is 897 + 6778?
7120
In base 5, what is 11202040 - -231?
11202321
In base 2, what is -101 + -100111010001111110?
-100111010010000011
In base 14, what is -1 + -2287cd87?
-2287cd88
In base 4, what is -20302000203 - 110?
-20302000313
In base 7, what is -1541 - 35461?
-40332
In base 7, what is -52 - -40530?
40445
In base 2, what is -1001110111001 + -100101010000000?
-101111000111001
In base 5, what is -102 - -202411102?
202411000
In base 5, what is -321211 - -1220411?
344200
In base 8, what is -5121221 + -74?
-5121315
In base 5, what is -1133302130 - -432?
-1133301143
In base 12, what is -1331 - 5230?
-6561
In base 10, what is -5 - 38409096?
-38409101
In base 14, what is 3 + 2da791?
2da794
In base 3, what is -20 - 1121212020211012?
-1121212020211102
In base 11, what is 6a4 + -41245?
-40651
In base 2, what is 1111100 + 1101110000001111?
1101110010001011
In base 13, what is 21b2753a - 5?
21b27535
In base 15, what is 699c7b - 4?
699c77
In base 2, what is 0 - 10000000001011001110111110101?
-10000000001011001110111110101
In base 5, what is 1103424102 - 3321?
1103420231
In base 8, what is -15 - 6401417?
-6401434
In base 3, what is 22 - -2020102012020?
2020102012112
In base 16, what is 5 - -100e6e6?
100e6eb
In base 6, what is 25505 - -105154?
135103
In base 15, what is 3cb9 - 89e?
341a
In base 10, what is -1443 + 426090?
424647
In base 8, what is -31 - -22000?
21747
In base 10, what is 241 - -286108?
286349
In base 4, what is 1123030 - -231013?
2020103
In base 12, what is 1b44 + 23a05?
25949
In base 3, what is 22 - -10112201021122?
10112201021221
In base 4, what is -112230133003 + -1230?
-112230200233
In base 3, what is 1201221110 + -2210?
1201211200
In base 5, what is 1134012 + 13202?
1202214
In base 11, what is -26 - -1427652a?
14276504
In base 2, what is -110011100000011 - -10101101?
-110011001010110
In base 15, what is -217e + 7c6?
-18a8
In base 8, what is -4022 + 4716?
674
In base 7, what is -11021141 - -42?
-11021066
In base 12, what is 4 + 228aa47?
228aa4b
In base 6, what is 5 - 10532143?
-10532134
In base 15, what is a + 71d8b9?
71d8c4
In base 13, what is 3aa7c8 - 0?
3aa7c8
In base 5, what is 401 - 214440012?
-214434111
In bas